ite?
True
Is 75611533 a prime number?
False
Is 8343259619 a composite number?
True
Is 108850278937 composite?
True
Is 21114316709 a prime number?
True
Is 11045929387 a composite number?
False
Is 153416622481 a prime number?
False
Is 46385113213 composite?
False
Is 408225749 composite?
False
Is 168725454319 prime?
True
Is 1867136261 prime?
False
Is 205664441 prime?
False
Is 2982880387 prime?
False
Is 14054981 a composite number?
True
Is 10503809123 composite?
False
Is 3625188037 composite?
False
Is 114566563 composite?
False
Is 291325127 prime?
True
Is 3696984593 a prime number?
False
Is 7133052907 composite?
False
Is 103282591 a composite number?
False
Is 448429481 a prime number?
True
Is 21072900691 composite?
False
Is 16422130771 composite?
False
Is 4105928473 composite?
False
Is 12570853109 a prime number?
True
Is 119284476943 prime?
False
Is 22935675991 prime?
False
Is 14084566681 a prime number?
False
Is 10333254193 composite?
True
Is 1096911817 composite?
True
Is 2579568727 a composite number?
True
Is 7581889583 composite?
True
Is 13653376309 composite?
True
Is 25277211101 a prime number?
False
Is 5453650117 a composite number?
False
Is 12512285431 prime?
True
Is 20505544303 a composite number?
False
Is 2277272381 a prime number?
False
Is 22526741 a composite number?
False
Is 2515471639 a prime number?
False
Is 4287803735 a composite number?
True
Is 21196952845 a prime number?
False
Is 500685457 a composite number?
False
Is 14647766057 prime?
True
Is 2486101277 a prime number?
False
Is 774472007 composite?
False
Is 28009716793 a prime number?
True
Is 8951020159 a prime number?
False
Is 2658021089 composite?
False
Is 503841146 a composite number?
True
Is 20297293235 a prime number?
False
Is 2000508427 a prime number?
False
Is 17387532653 composite?
False
Is 6625656899 a composite number?
False
Is 5209735367 composite?
False
Is 8654773957 a prime number?
True
Is 671141 a composite number?
False
Is 1900485263 prime?
False
Is 2252756497 a prime number?
True
Is 716286919 composite?
True
Is 5434511795 a composite number?
True
Is 829831429 a composite number?
True
Is 107740417277 a prime number?
True
Is 13936239253 a composite number?
True
Is 7771441163 a composite number?
True
Is 29272818059 prime?
True
Is 10026241261 prime?
True
Is 350578757 a composite number?
False
Is 262201259 composite?
False
Is 4652538719 prime?
False
Is 4509538729 composite?
True
Is 1706081183 a prime number?
False
Is 2792793571 a composite number?
False
Is 36723636993 composite?
True
Is 50135254273 prime?
False
Is 10687578529 prime?
True
Is 9704518057 a composite number?
True
Is 15959578531 composite?
True
Is 1178971837 composite?
False
Is 77448957557 composite?
False
Is 60213482519 prime?
True
Is 2587073483 a prime number?
True
Is 1330051517 composite?
False
Is 16792885259 a composite number?
True
Is 4585593289 composite?
False
Is 324944813 a prime number?
False
Is 9435364487 composite?
True
Is 7886420419 a composite number?
False
Is 5320293263 composite?
True
Is 107769971 composite?
False
Is 10548067821 a composite number?
True
Is 557311567 composite?
False
Is 1254807319 a composite number?
False
Is 121928953 prime?
True
Is 71196720559 prime?
False
Is 222288167 a prime number?
True
Is 60482434433 prime?
True
Is 2298016477 composite?
True
Is 90448157369 composite?
False
Is 13708814939 a prime number?
False
Is 12549532505 composite?
True
Is 92152589 prime?
False
Is 840596711 composite?
False
Is 13481951773 composite?
False
Is 992083333 composite?
False
Is 2457942583 a composite number?
False
Is 13620059659 prime?
False
Is 161565737 prime?
True
Is 33302405687 a prime number?
False
Is 49473353 a prime number?
True
Is 284365327 a composite number?
False
Is 14228494133 prime?
False
Is 652165847 a prime number?
False
Is 1065492607 prime?
False
Is 16020477587 a prime number?
True
Is 5347538441 a composite number?
True
Is 91829901277 composite?
False
Is 2803654109 a composite number?
False
Is 59464226555 composite?
True
Is 1800724631 a prime number?
False
Is 439929019 composite?
False
Is 368833931 a prime number?
True
Is 47680090918 composite?
True
Is 437402587 a composite number?
True
Is 1530829247 a composite number?
False
Is 7667700769 prime?
True
Is 3092270905 prime?
False
Is 44244591421 composite?
False
Is 325972739 composite?
True
Is 6840279857 a prime number?
False
Is 487925903 a composite number?
False
Is 2749451413 a prime number?
True
Is 41291906549 prime?
False
Is 2009018887 prime?
True
Is 8744341703 a prime number?
True
Is 227514359 composite?
False
Is 39922276571 composite?
False
Is 7816398701 a prime number?
False
Is 124157147 a prime number?
False
Is 10279261009 prime?
False
Is 377591869 composite?
False
Is 1013594917 prime?
True
Is 1371905861 a composite number?
True
Is 308474071459 composite?
False
Is 3979141289 a composite number?
True
Is 1377278515 composite?
True
Is 318269023 prime?
True
Is 90864230929 prime?
True
Is 55735786627 a prime number?
True
Is 622429837 a composite number?
True
Is 504636059 prime?
True
Is 5303198633 a composite number?
True
Is 1927494698 a prime number?
False
Is 1032528979 a prime number?
False
Is 9850086461 prime?
False
Is 275732531 prime?
False
Is 3280985207 prime?
True
Is 725128127 a prime number?
True
Is 9292930859 prime?
False
Is 81742566959 a prime number?
True
Is 12819387941 a composite number?
False
Is 12441403 composite?
True
Is 25759924621 composite?
True
Is 145603026649 a prime number?
True
Is 6293460791 a prime number?
True
Is 1968343193 a prime number?
False
Is 24912666083 composite?
False
Is 1959038117 a prime number?
False
Is 1721382803 a prime number?
False
Is 8926462667 prime?
True
Is 79573079071 prime?
True
Is 93712152551 a composite number?
True
Is 61442840409 prime?
False
Is 4906835299 a prime number?
True
Is 2423744767 composite?
False
Is 30927585479 prime?
False
Is 3564343391 composite?
True
Is 61263124147 prime?
False
Is 148857781 prime?
True
Is 666955291 a prime number?
False
Is 23390745031 a prime number?
False
Is 40533624781 a prime number?
False
Is 38656495457 a composite number?
False
Is 5447452781 prime?
False
Is 2401443357 composite?
True
Is 114710981677 a prime number?
False
Is 70451109257 composite?
False
Is 5315760553 composite?
True
Is 13151129227 composite?
False
Is 33177580745 composite?
True
Is 2464961467 a composite number?
False
Is 533099741 prime?
False
Is 906476777 a composite number?
False
Is 29872796753 a composite number?
False
Is 2686208333 prime?
True
Is 6256073167 a composite number?
False
Is 754025626 a prime number?
False
Is 151970947 a prime number?
False
Is 4742099 a composite number?
True
Is 5842521247 a prime number?
True
Is 591296177 composite?
False
Is 2945300999 prime?
True
Is 147795827 a composite number?
False
Is 6275624347 a prime number?
True
Is 35222984999 a prime number?
True
Is 16306942529 a composite number?
False
Is 1067865023 a prime number?
True
Is 63538801957 a composite number?
True
Is 78069032201 a composite number?
True
Is 185612954 prime?
False
Is 37616971733 a prime number?
False
Is 149086183 composite?
True
Is 1775428246 a composite number?
True
Is 1909906753 composite?
False
Is 71014641049 prime?
False
Is 32942456971 prime?
False
Is 1604396731 a composite number?
True
Is 677357074 prime?
False
Is 139330829 prime?
False
Is 9641315501 composite?
False
Is 10818042959 composite?
False
Is 4178937979 a composite number?
False
Is 16436778041 prime?
False
Is 634773851 a composite number?
False
Is 6714644383 a composite number?
True
Is 593467747 composite?
True
Is 322757609 prime?
True
Is 1577043443 a prime number?
True
Is 2299264729 prime?
True
Is 57188647 composite?
True
Is 5637539227 a prime number?
True
Is 40982138467 a prime number?
True
Is 8594389709 composite?
True
Is 294758967 a prime number?
False
Is 3350666171 a composite number?
False
Is 11100209059 a composite number?
True
Is 31195481 composite?
True
Is 93344106631 composite?
True
Is 44487244861 a prime number?
True
Is 210919661 composite?
False
Is 209139063449 prime?
True
Is 20105558939 a prime number?
False
Is 1461532321 a prime number?
True
Is 106463404717 prime?
True
Is 48448320293 a prime number?
True
Is 76106908001 prime?
True
Is 223451327707 prime?
True
Is 1792779809 a composite number?
False